?
True
Is 62843701279 composite?
False
Is 1579560841 prime?
True
Is 338822773 a prime number?
False
Is 5532975649 a prime number?
False
Is 28522302937 composite?
False
Is 58809209347 composite?
True
Is 5801756453 prime?
True
Is 117978061199 prime?
False
Is 441100841 a prime number?
False
Is 122790557 prime?
True
Is 3661675293 composite?
True
Is 718330381 prime?
False
Is 78147139 a prime number?
False
Is 19922858749 a composite number?
False
Is 7910672431 prime?
False
Is 734371639 a prime number?
True
Is 33636825857 a composite number?
True
Is 36822147653 a composite number?
False
Is 6888051187 a composite number?
False
Is 1266406777 prime?
False
Is 71991317 prime?
False
Is 7658514473 composite?
False
Is 47718487 prime?
True
Is 61797486761 a prime number?
True
Is 13453907557 prime?
False
Is 7692076219 composite?
False
Is 4156102609 a prime number?
True
Is 8024429971 a prime number?
False
Is 55570447457 a composite number?
True
Is 12427418698 prime?
False
Is 6231980371 composite?
True
Is 68510195549 a prime number?
False
Is 5407660933 prime?
True
Is 6420913439 prime?
False
Is 1129487921 composite?
False
Is 1211283461 a prime number?
True
Is 1820148343 composite?
True
Is 22607330159 composite?
True
Is 5121034499 a prime number?
False
Is 67978714543 composite?
True
Is 6592199483 a composite number?
False
Is 21975207973 composite?
False
Is 14589577073 composite?
False
Is 2932409021 a prime number?
True
Is 1015785959 prime?
False
Is 91815121 a composite number?
True
Is 8037095903 a composite number?
True
Is 2441506147 prime?
True
Is 68573045039 composite?
True
Is 53697731 composite?
True
Is 2756619661 a prime number?
True
Is 204279856489 composite?
True
Is 149042641277 composite?
False
Is 265498544627 a composite number?
True
Is 14601074983 prime?
False
Is 105087397 composite?
False
Is 21467602043 prime?
True
Is 41476517861 a prime number?
True
Is 2169559921 composite?
True
Is 21658347299 a composite number?
False
Is 32840477 a composite number?
True
Is 84947327513 a prime number?
True
Is 11507542049 a composite number?
False
Is 66946208189 a composite number?
True
Is 3227728703 prime?
False
Is 12254740999 a prime number?
True
Is 30641332483 a composite number?
True
Is 28032206233 a prime number?
True
Is 10231840163 prime?
False
Is 87449939 composite?
True
Is 18481104857 a prime number?
True
Is 1443643477 composite?
False
Is 7004924327 a prime number?
True
Is 3122904791 a prime number?
True
Is 1638635717 a composite number?
True
Is 14602243231 composite?
False
Is 253401721 a composite number?
False
Is 913013831 prime?
False
Is 4220093893 a composite number?
False
Is 351019301 composite?
True
Is 6506201381 a composite number?
False
Is 39350462253 a prime number?
False
Is 22682335057 a prime number?
True
Is 6548100791 a prime number?
False
Is 4196151833 composite?
True
Is 4149814847 a prime number?
False
Is 207261143 a composite number?
False
Is 10829269049 a composite number?
True
Is 71448697013 a composite number?
True
Is 3114896623 a prime number?
False
Is 1914442817 a prime number?
False
Is 137588287987 composite?
False
Is 36226048351 composite?
False
Is 1332030601 a composite number?
True
Is 3665050729 composite?
False
Is 8612253619 a prime number?
True
Is 420306739 prime?
False
Is 11059760723 composite?
True
Is 881673217 a composite number?
True
Is 5004172493 prime?
False
Is 1625730783 composite?
True
Is 2569761263 a composite number?
False
Is 1098446451 prime?
False
Is 21963315701 prime?
False
Is 44240951591 prime?
False
Is 7146231953 a prime number?
False
Is 1452825281 a composite number?
False
Is 39927488603 a prime number?
False
Is 33739782873 a composite number?
True
Is 27461883 a prime number?
False
Is 1177318837 prime?
False
Is 11729980417 a composite number?
True
Is 1068743519 a prime number?
False
Is 5525713241 composite?
True
Is 1057425995 a composite number?
True
Is 90135401 a prime number?
True
Is 1790616473 a composite number?
True
Is 10393355587 a composite number?
False
Is 2553431323 a prime number?
False
Is 110049431 a prime number?
True
Is 18434900089 prime?
False
Is 69741547487 prime?
True
Is 14602184089 composite?
False
Is 512253803 a prime number?
True
Is 43224600767 a composite number?
False
Is 59947983959 composite?
False
Is 185550081 a composite number?
True
Is 3152486399 a prime number?
True
Is 1184309897 composite?
False
Is 7285153783 prime?
False
Is 151574542561 a composite number?
True
Is 83614300931 prime?
False
Is 100905547349 a prime number?
False
Is 55296506167 a prime number?
False
Is 65964887411 a composite number?
True
Is 11820168263 composite?
False
Is 9968496983 prime?
True
Is 22307242541 a composite number?
False
Is 20458326727 a composite number?
False
Is 18110812631 prime?
True
Is 41482308811 a composite number?
False
Is 34757606057 composite?
True
Is 565462829 a prime number?
True
Is 6924435851 prime?
True
Is 872831353 prime?
True
Is 4508415481 composite?
True
Is 2169902837 prime?
True
Is 173145870809 a composite number?
False
Is 610892979937 composite?
False
Is 9680643031 a composite number?
False
Is 101196658529 a prime number?
True
Is 17262612593 a prime number?
True
Is 17510924071 a prime number?
True
Is 49767302107 prime?
False
Is 4174172579 prime?
False
Is 916739387 prime?
False
Is 61191725461 a prime number?
True
Is 13460920021 composite?
True
Is 12822012349 a prime number?
False
Is 3698054777 a prime number?
True
Is 68886784023 composite?
True
Is 726414551 composite?
False
Is 2370299087 composite?
True
Is 50163187 prime?
True
Is 1264147279 composite?
False
Is 89091783701 a prime number?
True
Is 371337677 a composite number?
False
Is 14049879257 prime?
True
Is 15279429853 a composite number?
False
Is 9644702777 a composite number?
False
Is 30319095463 a prime number?
True
Is 309977687 a composite number?
False
Is 13988115173 a composite number?
False
Is 189489432623 a composite number?
False
Is 99895421 prime?
False
Is 6950178109 prime?
False
Is 6188301739 composite?
False
Is 5001163 a prime number?
True
Is 9043848823 composite?
False
Is 5459165563 composite?
False
Is 3006840593 a prime number?
True
Is 348503851 composite?
True
Is 3316136015 a composite number?
True
Is 3095557763 a composite number?
False
Is 230153347 composite?
False
Is 58108400197 a prime number?
False
Is 5845983697 composite?
True
Is 42754936607 composite?
True
Is 329051698 a composite number?
True
Is 32161394773 composite?
False
Is 39260880461 a composite number?
True
Is 441176857 a prime number?
False
Is 3301198547 prime?
True
Is 2746061077 prime?
False
Is 25760438101 composite?
True
Is 525920953 a prime number?
False
Is 579347033 prime?
False
Is 1976693483 a prime number?
True
Is 196296645659 a prime number?
True
Is 2474679709 a composite number?
True
Is 2856890359 prime?
False
Is 39520667695 prime?
False
Is 4790943359 composite?
False
Is 8652469207 a composite number?
False
Is 24902913569 a prime number?
True
Is 2373694247 prime?
True
Is 10740319 prime?
False
Is 8176869119 composite?
False
Is 24003101 composite?
True
Is 10867446181 a prime number?
True
Is 725853793 a prime number?
False
Is 17814177253 a composite number?
True
Is 6191561073 a composite number?
True
Is 83098811 a composite number?
True
Is 122919551 a composite number?
True
Is 257286221 prime?
False
Is 2165189647 a prime number?
True
Is 22790421449 composite?
False
Is 1356911681 prime?
False
Is 821286673 a composite number?
False
Is 1987053227 composite?
False
Is 3447225791 a composite number?
False
Is 15613746245 composite?
True
Is 129662229157 a prime number?
True
Is 5472810121 composite?
True
Is 135005813 a composite number?
False
Is 213046351 a composite number?
True
Is 1844300677 prime?
False
Is 5069508721 prime?
True
Is 1683491401 composite?
True
Is 10754194031 composite?
True
Is 19182236719 a prime number?
True
Is 1837232983 a composite number?
False
Is 86829349189 prime?
False
Is 966156587 prime?
False
Is 422355041 a composite number?
False
Is 89849209 a prime number?
False
Is 45546530651 composite?
False
Is 396242237 a prime number?
True
Is 1567133006 composite?
True
Is 2667551933 prime?
True
Is 329952599 composite?
True
Is 127051025917 composite?
False
Is 6160568027 composite?
True
Is 8038669979 a composite number?
True
Is 16434072049 a composite 